{"id":253,"date":"2016-11-10T13:10:20","date_gmt":"2016-11-10T12:10:20","guid":{"rendered":"http:\/\/guyotvillois.com\/blog\/?page_id=253"},"modified":"2016-12-25T22:28:50","modified_gmt":"2016-12-25T21:28:50","slug":"legislation-sur-le-regroupement-des-cimetieres-dalgerie","status":"publish","type":"page","link":"http:\/\/guyotvillois.com\/blog\/documentation\/legislation-sur-le-regroupement-des-cimetieres-dalgerie\/","title":{"rendered":"L\u00e9gislation sur les Regroupements"},"content":{"rendered":"<p>Liste des regroupements des s\u00e9pultures europ\u00e9ennes en Alg\u00e9rie (chr\u00e9tiennes, juives)<\/p>\n<p><a href=\"https:\/\/www.legifrance.gouv.fr\/affichTexte.do?cidTexte=JORFTEXT000024289602&amp;categorieLien=id\" target=\"_blank\"><span style=\"text-decoration: underline;\">lien:\u00a0 l&rsquo;<\/span>Arr\u00eat\u00e9 du 23 Juin 2011<\/a><\/p>\n<p><a href=\"https:\/\/www.legifrance.gouv.fr\/eli\/arrete\/2016\/5\/26\/MAEF1612677A\/jo\" target=\"_blank\"><span style=\"text-decoration: underline;\">lien:\u00a0 l&rsquo;<\/span>Arr\u00eat\u00e9 du 26 Mai 2016<\/a><\/p>\n<p><a href=\"http:\/\/www.guyotvillois.com\/docs\/1968-accord-regroupement.pdf\" target=\"_blank\">Accord de 1968 entre De Gaulle et Bouteflika<\/a><\/p>\n","protected":false},"excerpt":{"rendered":"<p>Liste des regroupements des s\u00e9pultures europ\u00e9ennes en Alg\u00e9rie (chr\u00e9tiennes, juives) lien:\u00a0 l&rsquo;Arr\u00eat\u00e9 du 23 Juin 2011 lien:\u00a0 l&rsquo;Arr\u00eat\u00e9 du 26 Mai 2016 Accord de 1968 entre De Gaulle et Bouteflika<\/p>\n","protected":false},"author":4,"featured_media":0,"parent":233,"menu_order":0,"comment_status":"closed","ping_status":"closed","template":"","meta":[],"acf":[],"_links":{"self":[{"href":"http:\/\/guyotvillois.com\/blog\/wp-json\/wp\/v2\/pages\/253"}],"collection":[{"href":"http:\/\/guyotvillois.com\/blog\/wp-json\/wp\/v2\/pages"}],"about":[{"href":"http:\/\/guyotvillois.com\/blog\/wp-json\/wp\/v2\/types\/page"}],"author":[{"embeddable":true,"href":"http:\/\/guyotvillois.com\/blog\/wp-json\/wp\/v2\/users\/4"}],"replies":[{"embeddable":true,"href":"http:\/\/guyotvillois.com\/blog\/wp-json\/wp\/v2\/comments?post=253"}],"version-history":[{"count":8,"href":"http:\/\/guyotvillois.com\/blog\/wp-json\/wp\/v2\/pages\/253\/revisions"}],"predecessor-version":[{"id":1700,"href":"http:\/\/guyotvillois.com\/blog\/wp-json\/wp\/v2\/pages\/253\/revisions\/1700"}],"up":[{"embeddable":true,"href":"http:\/\/guyotvillois.com\/blog\/wp-json\/wp\/v2\/pages\/233"}],"wp:attachment":[{"href":"http:\/\/guyotvillois.com\/blog\/wp-json\/wp\/v2\/media?parent=253"}],"curies":[{"name":"wp","href":"https:\/\/api.w.org\/{rel}","templated":true}]}}